mine g(n).
-29
Let u(w) = w**3 + 8*w**2 + 9*w + 8. Let a = -115 + 114. Let x be a*3/(-15)*-35. Determine u(x).
-6
Let w(d) = 85*d - 66. Let u(s) = 107*s - 68. Let n(t) = 4*u(t) - 5*w(t). Calculate n(-19).
1
Let h(l) = 2*l**3 + 9*l**2 - 10*l - 5. Let z(j) = -5*j**2 + 16*j - 2. Let m be z(3). Let c(y) = y**3 + y**2 - y + 1. Let b(p) = m*c(p) - h(p). What is b(-9)?
6
Let w be (54/(-90))/(1/(-5)). Let l(h) = 427*h - 6 - 428*h + 2 + h**w. Calculate l(3).
20
Let f(r) = -5*r. Let j(g) = -2*g. Let q(o) = 3*f(o) - 8*j(o). Let k(l) be the third derivative of l**4/8 - 3*l**3 + 6*l**2. Let c be k(5). What is q(c)?
-3
Let c(z) be the third derivative of -z**5/30 - z**3 + 5*z**2 - 39*z. Determine c(-4).
-38
Let r(k) = -2*k**2 + 3*k**2 + 3*k**2 + k**3 - 2 - 4*k. Suppose 84 + 12 = 24*p. Suppose 5*o + 17 = p*f - 16, 2*o = -5*f. Determine r(o).
-7
Let j(h) = h**3 - h**2 - 7*h + 1. Let m be j(3). Let b(v) = 3*v + 17. Let g(f) = 8*f + 35. Let t(x) = m*g(x) + 5*b(x). What is t(15)?
0
Suppose 2*z = 4*z + 12. Let v be ((-1)/(-2)*-2)/((-1)/z). Let q(k) = 2*k + 7. Give q(v).
-5
Let l(u) = -3*u + u - u**3 + 4*u - 2 + 3. Let d be (-72)/(-1 - -13) + -1 + 5. Calculate l(d).
5
Suppose -30 = -27*w + 21*w. Suppose z = g - z - 12, -5*g - z + w = 0. Let r be 9/(-3)*(16/6)/g. Let s(d) = -d**3 - 5*d**2 - 3*d - 2. What is s(r)?
-6
Let c(t) = 931*t**3 + 8*t - 932*t**3 + 557 - 546 - 7*t**2. Suppose -5*g + 8 = 3*r + 45, g + 3*r + 5 = 0. Calculate c(g).
11
Let w = -32 - -30. Let o(a) be the first derivative of a**4/4 - a**3/3 - 2*a**2 - 3*a + 37. Give o(w).
-7
Let j(o) = 2*o + 1. Let c = 30 - 28. Suppose 3*i = c*i - 12. Let l = 16 + i. Give j(l).
9
Let g(r) = -2*r**2 + r - 1. Suppose -k + 7*h - 2*h + 234 = 0, 0 = 3*k - 5*h - 702. Let i = 234 - k. What is g(i)?
-1
Suppose -3*l = -k + 1, -l - 5 = -2*k - 3. Suppose 4*b - 7 - 1 = 0, 15 = p + 5*b. Let g(d) = 73399*d - p - 73399*d + d**2. Determine g(l).
-5
Let i(m) = -140 + 251*m - 252*m + 116. Give i(-5).
-19
Let h(b) = -5*b - 8. Let g(a) = -a - 3. Let i(c) = -14*g(c) + 4*h(c). Let n(k) = k - 1. Let j(u) = i(u) + 8*n(u). Give j(-5).
-8
Let h(r) = 37*r + r**2 - 6871 + 3554 + 3444. Calculate h(-4).
-5
Let q(k) = 132*k - 139*k + 10 + 6*k. Calculate q(-4).
14
Let o(s) be the first derivative of -3*s**3 - s**2/2 + 1. Suppose 469*f + 91 = -378. Give o(f).
-8
Let w(c) = 1. Let l(b) = -b**2 - 10*b - 1. Let y(i) = l(i) + w(i). Suppose -248 = 3*a + 5*k - 864, 0 = -a + 5*k + 172. Let d = a + -207. What is y(d)?
0
Let m(p) = -8*p + 75. Let s be (81/(-12))/((-1328)/64 - -20). What is m(s)?
3
Suppose -b = -5 + 3. Let r(l) be the second derivative of 11*l**6/720 + l**5/120 - 4*l**4/3 + 25*l. Let m(k) be the third derivative of r(k). Calculate m(b).
23
Let c(w) be the third derivative of -5*w**4/24 + 2*w**3/3 + w**2 - 2*w. Let g be c(1). Let y(d) = -d**2 + 3*d + 1. Determine y(g).
-3
Let a(x) = -x**3 - 9*x**2 + 10*x + 13. Let b be ((-2)/(-2))/(14/(-42)). Let m be b/1 - (-25 + 32). What is a(m)?
13
Let t(n) = 3*n**2 - 105*n + 688. Let j be t(9). Let v(z) = z**3 + 16*z**2 + 24*z - 4. Calculate v(j).
52
Let x(w) = w**2 + 4*w - 61. Let o(d) = 3*d - 4. Let t(q) = 8*o(q) - x(q). Determine t(22).
-15
Let w(r) = -1462364 + 731187 + 5*r**2 + 731191 - 13*r. Determine w(6).
116
Let v(y) = 3*y**3 - 35*y**2 - 23*y - 2. Let d(r) = r**3 - 12*r**2 - 8*r - 1. Let n(q) = 17*d(q) - 6*v(q). Let u be ((-252)/(-1197))/((-4)/(-114)). What is n(u)?
7
Let o = 25 - -115. Suppose o - 32 = 2*s. Let c be ((-2)/6)/(6/s). Let n(l) = 2*l + 1. Determine n(c).
-5
Let n(c) = 9 + 5 + 0 - 8 - 18*c. Let h(s) = -17*s + 7. Let b(l) = -5*h(l) + 6*n(l). Let d = 88 + -89. What is b(d)?
24
Let s(i) be the third derivative of i**4/12 + 16*i**3/3 + 346*i**2. What is s(-20)?
-8
Let m(i) = i + 10. Let z be m(-8). Let v(u) = -u**2 - u. Let q be 1 - (3 + -1 + -3). Let g(b) = -3*b - 1. Let k(s) = q*v(s) - g(s). Determine k(z).
-5
Suppose 138*n = 139*n - 2. Let c be 6/(-12)*0/n. Let z(m) be the third derivative of -m**5/60 + m**4/24 - 7*m**3/3 - m**2. Calculate z(c).
-14
Suppose 2 = x - 0. Let c(k) = 3*k**3 + k**2 - 11*k + 1. Let a(d) = -14*d**3 - 9*d**2 + 59*d - 7. Let p(r) = a(r) + 5*c(r). Determine p(x).
-2
Suppose 2 = -2*m + 8. Let f(l) = -11 - 7 + m - 5*l + 8*l. Let o be f(3). Let n(s) = -s**2 - 7*s + 4. Calculate n(o).
10
Let v(n) = n**2 + 50 - 1 - 13*n - 33 + 8. Suppose -y + 29 - 4 = -3*i, -i + 25 = 3*y. Calculate v(y).
-6
Suppose -3*i = 1 - 7. Let x(y) = -45*y**2 + 4*y - 4 + 30*y**2 + 2*y**3 - y**3 + 24*y**i. Let f(d) = -d**3 - 21*d**2 - 21*d - 28. Let t be f(-20). What is x(t)?
28
Let o(v) = -26*v - 81. Suppose 17 - 65 = 17*c - c. Calculate o(c).
-3
Let f(d) = 7178 - 2398 - 18*d - 2415 - 2390. Give f(-1).
-7
Let d = -3 + 0. Let m(y) = -18*y - 273. Let s(o) = -146*o - 2230. Let v(a) = 49*m(a) - 6*s(a). Give v(d).
21
Let w(h) = 10*h**2 + 31*h + 29. Let i be w(-2). Let t(y) = y**2 - 5*y - 9. Determine t(i).
5
Suppose -5*r - 2*p - 3 = -51, p + 21 = 2*r. Let g(z) = -19*z**2 + 36*z - 124. Let a(l) = -4*l**2 + 7*l - 27. Let s(b) = 14*a(b) - 3*g(b). Calculate s(r).
-6
Let m(g) = -g**2 + 6*g + 4. Let y be (-16)/(-12)*(0 + (-36)/(-3)). Suppose 18*r + y - 142 = 0. What is m(r)?
-3
Let g(m) = -m**3 - 3*m**2 + 2*m - 12. Let t be (595/(-119))/(1 - 0/3). What is g(t)?
28
Suppose 4*g - 270 = -5*s, 0 = -2*g - 3*g + 25. Suppose -30*y + s = -25*y. Suppose -y*w + w = -45. Let c(a) = a**3 - 6*a**2 + 4*a + 1. Determine c(w).
-4
Let q(n) = 5*n**2 + 11*n + 13. Let x(v) = -6*v**2 - 12*v - 14. Let k(h) = 5*q(h) + 4*x(h). Let w = 7 - 4. Let a(b) = -6*b + 12. Let p be a(w). What is k(p)?
3
Let f(m) = -6*m - 183. Let d be f(-32). Let q(l) = 1 + 3*l - 11 - 4*l - 2*l**2 - d*l. What is q(-4)?
-2
Let m(n) be the third derivative of -n**6/120 + n**5/15 - n**4/12 + n**3/2 - 11*n**2. Suppose 76*i - 78*i = 0. Suppose i = 27*p - 28*p + 3. Calculate m(p).
6
Let h(x) = -x**2 + 27*x + 19. Let t be (513/81 + -3 + -2)*21. What is h(t)?
-9
Let a = -2 - -3. Suppose 4*n = 4*h - 40, -h + 43 = 3*h - n. Let x(o) = 38*o - h*o + 7*o**2 - 19*o + 1 - 10*o. Give x(a).
6
Let v(k) = -26*k + 8. Let o(l) = 220*l - 64. Let u(b) = 2*o(b) + 17*v(b). Let m be (-15)/(-10)*(-16)/(-3). Calculate u(m).
-8
Let r(p) = -6*p**2 + 1. Let x(s) = -s**2 - 8*s + 13. Let q be x(-9). Suppose -5*c - 13 = -3*g + 4*g, 4*c + q = -4*g. Let d be (c + 2)/(0 - 3/(-6)). Give r(d).
-23
Let o = 0 - -2. Let x(l) = l - 1. Suppose -q + 5*t + 18 - 1 = 0, 3*q - t = 23. Let p(r) = 2*r - 2. Let d(a) = q*x(a) - 5*p(a). Give d(o).
-3
Let l(a) = -9*a - 157. Suppose 0 = -4*d + 5*p - 98, -d + 5*p - 4 = 43. What is l(d)?
-4
Let o(x) be the third derivative of -x**6/120 + 11*x**5/60 + x**4/12 - 23*x**3/6 - 43*x**2 + 7. Calculate o(11).
-1
Suppose 2*n - 38 = 470*j - 473*j, 2*j = -n + 22. Let t(i) = -i**3 + 9*i**2 + 12*i - 2. Calculate t(n).
18
Suppose 23*i = 4*d + 24*i + 37, -5 = 5*i. Let r(o) = 2*o**2 + 18*o - 10. Determine r(d).
-10
Let d(v) = -v**3 - 7*v**2 - 6*v - 1. Let l be d(-6). Let g = 4 - l. Let f(s) = -3 - 36*s + 19*s**2 + 17*s - 18*s**2 + 14*s. What is f(g)?
-3
Let d(j) be the first derivative of j**4/24 + j**3/6 + 5*j**2/2 - 2*j - 28. Let q(l) be the second derivative of d(l). Give q(8).
9
Let i(x) = 2*x + 6. Suppose a = -3*a - 4*m + 20, -4*a = -m - 15. Let b be (-6)/a + (-25)/10. Give i(b).
-2
Let s(v) = v**2 + 13*v - 227. Suppose -1126 = -113*a + 4. Calculate s(a).
3
Let c(b) = 61 - 4*b**2 - 60 - 7 + 3*b**2 + 2*b**2 - b. Determine c(-8).
66
Let x(r) be the second derivative of -r**5/4 + r**4/6 + 2*r**3/3 - 5*r**2/2 + 83*r. Let v be x(1). Let j(z) = -z**2 - 5*z - 6. What is j(v)?
-2
Let x(m) = m**3 - 5*m**2 - 3*m + 5. Let b be (-6)/(-4)*4*(-1584)/(-2376). What is x(b)?
-23
Suppose -4*m = -4*l - 204, 140*l = 3*m + 143*l - 147. Let v(w) = -2*w**2 + 99*w + 68. What is v(m)?
18
Let m(j) = -j - 6. Let c(r) = 5*r - 11. Let o(g) = -c(g) + 3*m(g). Calculate o(-2).
9
Let w(y) = 5 - 2 + 5*y - 6*y**2 + y**3 + 0. Let b(n) = -n**2 + 22*n - 45. Let r be b(20). Let q be (11/(-66))/((-1)/(-6)) - r. Calculate w(q).
-9
Let i(r) = -44*r - 304. Suppose -27757 = -12*w - 27841. Give i(w).
4
Suppose 291 = -p - 69. Let d be -5 + p/(-28) - 1/(-7). Let s(r) = 56*r + 0*r**2 - 49*r + 6 - r**2. What is s(d)?
-2
Let m be 14/56 - (33/(-12) + 1). Let h(a) = -2*a**3 - 3*a**2 + a + 3. Give h(m).
-23
Let k(t) be